{"id":26,"date":"2024-02-28T18:48:33","date_gmt":"2024-02-28T17:48:33","guid":{"rendered":"https:\/\/caderousse.pro\/?page_id=26"},"modified":"2024-03-11T17:38:20","modified_gmt":"2024-03-11T16:38:20","slug":"annuaire-des-pros","status":"publish","type":"page","link":"https:\/\/caderousse.pro\/index.php\/annuaire-des-pros\/","title":{"rendered":"Annuaire des Pros"},"content":{"rendered":"\n<figure class=\"wp-block-image size-full\"><img loading=\"lazy\" decoding=\"async\" width=\"200\" height=\"200\" src=\"https:\/\/caderousse.pro\/wp-content\/uploads\/2024\/03\/\u5de5\u4e8b\u5de5\u5834\u3000\u52b4\u50cd\u8005\u3000\u4ed5\u4e8b\u3000\u8089\u4f53\u52b4\u50cdGIF.gif\" alt=\"\" class=\"wp-image-104\"\/><\/figure>\n\n\n\n<p>en construction <\/p>\n\n\n<a name='name_directory_position5'><\/a><h3 class='name_directory_title'>Annuaire des Professionnels<\/h3><div class=\"name_directory_index\"><a class=\"name_directory_startswith\" href=\"https:\/\/caderousse.pro\/index.php\/annuaire-des-pros\/?dir=5&name_directory_startswith=#name_directory_position5\">All<\/a> | <a class=\"name_directory_startswith  name_directory_empty\" href=\"https:\/\/caderousse.pro\/index.php\/annuaire-des-pros\/?dir=5&name_directory_startswith=%23#name_directory_position5\">#<\/a>  <a class=\"name_directory_startswith \" href=\"https:\/\/caderousse.pro\/index.php\/annuaire-des-pros\/?dir=5&name_directory_startswith=A#name_directory_position5\">A<\/a>  <a class=\"name_directory_startswith \" href=\"https:\/\/caderousse.pro\/index.php\/annuaire-des-pros\/?dir=5&name_directory_startswith=B#name_directory_position5\">B<\/a>  <a class=\"name_directory_startswith  name_directory_empty\" href=\"https:\/\/caderousse.pro\/index.php\/annuaire-des-pros\/?dir=5&name_directory_startswith=C#name_directory_position5\">C<\/a>  <a class=\"name_directory_startswith \" href=\"https:\/\/caderousse.pro\/index.php\/annuaire-des-pros\/?dir=5&name_directory_startswith=D#name_directory_position5\">D<\/a>  <a class=\"name_directory_startswith  name_directory_empty\" href=\"https:\/\/caderousse.pro\/index.php\/annuaire-des-pros\/?dir=5&name_directory_startswith=E#name_directory_position5\">E<\/a>  <a class=\"name_directory_startswith  name_directory_empty\" href=\"https:\/\/caderousse.pro\/index.php\/annuaire-des-pros\/?dir=5&name_directory_startswith=F#name_directory_position5\">F<\/a>  <a class=\"name_directory_startswith  name_directory_empty\" href=\"https:\/\/caderousse.pro\/index.php\/annuaire-des-pros\/?dir=5&name_directory_startswith=G#name_directory_position5\">G<\/a>  <a class=\"name_directory_startswith  name_directory_empty\" href=\"https:\/\/caderousse.pro\/index.php\/annuaire-des-pros\/?dir=5&name_directory_startswith=H#name_directory_position5\">H<\/a>  <a class=\"name_directory_startswith  name_directory_empty\" href=\"https:\/\/caderousse.pro\/index.php\/annuaire-des-pros\/?dir=5&name_directory_startswith=I#name_directory_position5\">I<\/a>  <a class=\"name_directory_startswith  name_directory_empty\" href=\"https:\/\/caderousse.pro\/index.php\/annuaire-des-pros\/?dir=5&name_directory_startswith=J#name_directory_position5\">J<\/a>  <a class=\"name_directory_startswith  name_directory_empty\" href=\"https:\/\/caderousse.pro\/index.php\/annuaire-des-pros\/?dir=5&name_directory_startswith=K#name_directory_position5\">K<\/a>  <a class=\"name_directory_startswith  name_directory_empty\" href=\"https:\/\/caderousse.pro\/index.php\/annuaire-des-pros\/?dir=5&name_directory_startswith=L#name_directory_position5\">L<\/a>  <a class=\"name_directory_startswith \" href=\"https:\/\/caderousse.pro\/index.php\/annuaire-des-pros\/?dir=5&name_directory_startswith=M#name_directory_position5\">M<\/a>  <a class=\"name_directory_startswith  name_directory_empty\" href=\"https:\/\/caderousse.pro\/index.php\/annuaire-des-pros\/?dir=5&name_directory_startswith=N#name_directory_position5\">N<\/a>  <a class=\"name_directory_startswith  name_directory_empty\" href=\"https:\/\/caderousse.pro\/index.php\/annuaire-des-pros\/?dir=5&name_directory_startswith=O#name_directory_position5\">O<\/a>  <a class=\"name_directory_startswith  name_directory_empty\" href=\"https:\/\/caderousse.pro\/index.php\/annuaire-des-pros\/?dir=5&name_directory_startswith=P#name_directory_position5\">P<\/a>  <a class=\"name_directory_startswith  name_directory_empty\" href=\"https:\/\/caderousse.pro\/index.php\/annuaire-des-pros\/?dir=5&name_directory_startswith=Q#name_directory_position5\">Q<\/a>  <a class=\"name_directory_startswith \" href=\"https:\/\/caderousse.pro\/index.php\/annuaire-des-pros\/?dir=5&name_directory_startswith=R#name_directory_position5\">R<\/a>  <a class=\"name_directory_startswith  name_directory_empty\" href=\"https:\/\/caderousse.pro\/index.php\/annuaire-des-pros\/?dir=5&name_directory_startswith=S#name_directory_position5\">S<\/a>  <a class=\"name_directory_startswith \" href=\"https:\/\/caderousse.pro\/index.php\/annuaire-des-pros\/?dir=5&name_directory_startswith=T#name_directory_position5\">T<\/a>  <a class=\"name_directory_startswith  name_directory_empty\" href=\"https:\/\/caderousse.pro\/index.php\/annuaire-des-pros\/?dir=5&name_directory_startswith=U#name_directory_position5\">U<\/a>  <a class=\"name_directory_startswith \" href=\"https:\/\/caderousse.pro\/index.php\/annuaire-des-pros\/?dir=5&name_directory_startswith=V#name_directory_position5\">V<\/a>  <a class=\"name_directory_startswith  name_directory_empty\" href=\"https:\/\/caderousse.pro\/index.php\/annuaire-des-pros\/?dir=5&name_directory_startswith=W#name_directory_position5\">W<\/a>  <a class=\"name_directory_startswith  name_directory_empty\" href=\"https:\/\/caderousse.pro\/index.php\/annuaire-des-pros\/?dir=5&name_directory_startswith=X#name_directory_position5\">X<\/a>  <a class=\"name_directory_startswith  name_directory_empty\" href=\"https:\/\/caderousse.pro\/index.php\/annuaire-des-pros\/?dir=5&name_directory_startswith=Y#name_directory_position5\">Y<\/a>  <a class=\"name_directory_startswith  name_directory_empty\" href=\"https:\/\/caderousse.pro\/index.php\/annuaire-des-pros\/?dir=5&name_directory_startswith=Z#name_directory_position5\">Z<\/a> <br \/><form role='search' method='get' action='#name_directory_position5'><input type='search' autocomplete='off' aria-description='Directory names below will match your searchcriteria after submit' name='name-directory-search-value' id='name-directory-search-input-box' placeholder='Search for...' \/><input type='hidden' name='dir' value='5' \/><input type='submit' id='name-directory-search-input-button' value='Search' \/><\/form><\/div><div class=\"name_directory_total\">There are currently 11 names in this directory<\/div><div class=\"name_directory_names\"><div class=\"name_directory_column name_directory_nr4\"><div class=\"name_directory_character_header\">A<\/div><hr \/><div class=\"name_directory_name_box\"><a name=\"namedirectory_ALLARDSbastien0660919732\"><\/a><strong role=\"term\">ALLARD S\u00e9bastien 06.60.91.97.32<\/strong><br><div role=\"definition\">Plaquiste jointeur<\/div><\/div><hr \/><div class=\"name_directory_character_header\">B<\/div><hr \/><div class=\"name_directory_name_box\"><a name=\"namedirectory_BONNAUDJulien\"><\/a><strong role=\"term\">BONNAUD Julien<\/strong><br><div role=\"definition\">ma\u00e7onnerie\r\nartisan <\/div><\/div><hr \/><div class=\"name_directory_character_header\">D<\/div><hr \/><div class=\"name_directory_name_box\"><a name=\"namedirectory_DELTOURFrdric\"><\/a><strong role=\"term\">DELTOUR Fr\u00e9d\u00e9ric<\/strong><br><div role=\"definition\">Chambre d'h\u00f4te\r\ntourisme\r\nh\u00e9bergement h\u00e9bergeur<\/div><\/div><hr \/><\/div><div class=\"name_directory_column name_directory_nr4\"><div class=\"name_directory_character_header\">M<\/div><hr \/><div class=\"name_directory_name_box\"><a name=\"namedirectory_MOLTONQuentin0680595965\"><\/a><strong role=\"term\">MOLTON Quentin 06.80.59.59.65<\/strong><br><div role=\"definition\">d\u00e9frichage arboriste d\u00e9broussaillage am\u00e9nagement de terrasse \u00e9lagage de haie entretien \u00e0 l'ann\u00e9e\r\nLocation broyeur v\u00e9g\u00e9taux avec chauffeur tonte \u00e9lagage am\u00e9nagement de jardin\r\nr\u00e9novation de jardin devis de jardins travaux d'installation<\/div><\/div><hr \/><div class=\"name_directory_name_box\"><a name=\"namedirectory_MORATALFabrice0676567153\"><\/a><strong role=\"term\">MORATAL Fabrice 06.76.56.71.53<\/strong><br><div role=\"definition\">Agent immobilier\r\nConciergerie\r\nVente Location Gestion\r\n<\/div><\/div><hr \/><div class=\"name_directory_character_header\">R<\/div><hr \/><div class=\"name_directory_name_box\"><a name=\"namedirectory_ROCHEJrmy\"><\/a><strong role=\"term\">ROCHE J\u00e9r\u00e9my<\/strong><br><div role=\"definition\">Destruction nuisibles\r\nd\u00e9ratisation \r\nfrelons gu\u00eapes\r\npunaise de lit<\/div><\/div><hr \/><\/div><div class=\"name_directory_column name_directory_nr4\"><div class=\"name_directory_name_box\"><a name=\"namedirectory_RODENASAurlie\"><\/a><strong role=\"term\">RODENAS Aur\u00e9lie<\/strong><br><div role=\"definition\">Assistante administrative ind\u00e9pendante\r\nSecr\u00e9taire Secr\u00e9tariat\r\nAide<\/div><\/div><hr \/><div class=\"name_directory_name_box\"><a name=\"namedirectory_ROUSSILLONChristophe\"><\/a><strong role=\"term\">ROUSSILLON Christophe<\/strong><br><div role=\"definition\">R\u00e9paration de machines et \u00e9quipements m\u00e9caniques\r\nTous travaux de maintenance industrielle et agricole\r\nD\u00e9pannage R\u00e9paration de mat\u00e9riel agricole M\u00e9canique g\u00e9n\u00e9rale Vente mat\u00e9riel agricole Travaux publics Maintenance industrielle<\/div><\/div><hr \/><div class=\"name_directory_character_header\">T<\/div><hr \/><div class=\"name_directory_name_box\"><a name=\"namedirectory_TALLONLucas\"><\/a><strong role=\"term\">TALLON Lucas<\/strong><br><div role=\"definition\">Electricien\r\nClimatisation\r\n<\/div><\/div><hr \/><\/div><div class=\"name_directory_column name_directory_nr4\"><div class=\"name_directory_name_box\"><a name=\"namedirectory_TALLONStphanie0768890884\"><\/a><strong role=\"term\">TALLON St\u00e9phanie 07.68.89.08.84<\/strong><br><div role=\"definition\">Massoth\u00e9rapeute\r\nNaturopathe Animalier\r\nEleveuse de chien finnois de Laponie<\/div><\/div><hr \/><div class=\"name_directory_character_header\">V<\/div><hr \/><div class=\"name_directory_name_box\"><a name=\"namedirectory_VATONJeanBaptiste\"><\/a><strong role=\"term\">VATON Jean Baptiste<\/strong><br><div role=\"definition\">Pizzeria\r\nchez JB pizza au feu de bois\r\nterrasse <\/div><\/div><\/div><\/div><div class=\"name_directory_column_clear\"><\/div><style>\r\n        .name_directory_readmore_state ~ .name_directory_readmore_trigger:before {\r\n            content: '... Show more';\r\n        }\r\n       \r\n        .name_directory_readmore_state:checked ~ .name_directory_readmore_trigger:before {\r\n            content: 'Show less';\r\n        }\r\n        <\/style>\n","protected":false},"excerpt":{"rendered":"<p>en construction<\/p>\n","protected":false},"author":1,"featured_media":0,"parent":0,"menu_order":0,"comment_status":"closed","ping_status":"closed","template":"","meta":{"footnotes":""},"class_list":["post-26","page","type-page","status-publish","hentry"],"_links":{"self":[{"href":"https:\/\/caderousse.pro\/index.php\/wp-json\/wp\/v2\/pages\/26","targetHints":{"allow":["GET"]}}],"collection":[{"href":"https:\/\/caderousse.pro\/index.php\/wp-json\/wp\/v2\/pages"}],"about":[{"href":"https:\/\/caderousse.pro\/index.php\/wp-json\/wp\/v2\/types\/page"}],"author":[{"embeddable":true,"href":"https:\/\/caderousse.pro\/index.php\/wp-json\/wp\/v2\/users\/1"}],"replies":[{"embeddable":true,"href":"https:\/\/caderousse.pro\/index.php\/wp-json\/wp\/v2\/comments?post=26"}],"version-history":[{"count":4,"href":"https:\/\/caderousse.pro\/index.php\/wp-json\/wp\/v2\/pages\/26\/revisions"}],"predecessor-version":[{"id":108,"href":"https:\/\/caderousse.pro\/index.php\/wp-json\/wp\/v2\/pages\/26\/revisions\/108"}],"wp:attachment":[{"href":"https:\/\/caderousse.pro\/index.php\/wp-json\/wp\/v2\/media?parent=26"}],"curies":[{"name":"wp","href":"https:\/\/api.w.org\/{rel}","templated":true}]}}